d by 157?
17
Calculate the remainder when 1997 is divided by 16.
13
Calculate the remainder when 510 is divided by 168.
6
Calculate the remainder when 525 is divided by 66.
63
Calculate the remainder when 682 is divided by 113.
4
Calculate the remainder when 83 is divided by 10.
3
What is the remainder when 278 is divided by 9?
8
Calculate the remainder when 145 is divided by 19.
12
What is the remainder when 277 is divided by 94?
89
Calculate the remainder when 848 is divided by 25.
23
What is the remainder when 851 is divided by 16?
3
What is the remainder when 113 is divided by 23?
21
What is the remainder when 198 is divided by 68?
62
Calculate the remainder when 24419 is divided by 111.
110
What is the remainder when 2624 is divided by 21?
20
What is the remainder when 170 is divided by 43?
41
What is the remainder when 45 is divided by 5?
0
What is the remainder when 1412 is divided by 44?
4
Calculate the remainder when 3122 is divided by 1035.
17
Calculate the remainder when 448 is divided by 30.
28
What is the remainder when 351 is divided by 47?
22
Calculate the remainder when 3032 is divided by 49.
43
What is the remainder when 662 is divided by 133?
130
What is the remainder when 444 is divided by 3?
0
What is the remainder when 642 is divided by 186?
84
Calculate the remainder when 457 is divided by 454.
3
What is the remainder when 576 is divided by 17?
15
Calculate the remainder when 1277 is divided by 40.
37
Calculate the remainder when 3343 is divided by 62.
57
Calculate the remainder when 1894 is divided by 147.
130
Calculate the remainder when 186 is divided by 49.
39
Calculate the remainder when 364 is divided by 190.
174
What is the remainder when 1470 is divided by 488?
6
What is the remainder when 3607 is divided by 213?
199
What is the remainder when 98 is divided by 35?
28
Calculate the remainder when 3862 is divided by 2.
0
Calculate the remainder when 548 is divided by 55.
53
What is the remainder when 691 is divided by 226?
13
What is the remainder when 474 is divided by 116?
10
Calculate the remainder when 490 is divided by 6.
4
What is the remainder when 726 is divided by 69?
36
What is the remainder when 2437 is divided by 204?
193
What is the remainder when 2238 is divided by 3?
0
What is the remainder when 613 is divided by 103?
98
Calculate the remainder when 256 is divided by 88.
80
Calculate the remainder when 1417 is divided by 465.
22
Calculate the remainder when 124 is divided by 45.
34
What is the remainder when 90 is divided by 40?
10
Calculate the remainder when 1874 is divided by 911.
52
Calculate the remainder when 1879 is divided by 20.
19
What is the remainder when 28361 is divided by 29?
28
Calculate the remainder when 305 is divided by 293.
12
What is the remainder when 2597 is divided by 213?
41
What is the remainder when 327 is divided by 107?
6
What is the remainder when 553 is divided by 30?
13
Calculate the remainder when 2107 is divided by 525.
7
Calculate the remainder when 7625 is divided by 29.
27
What is the remainder when 4151 is divided by 6?
5
What is the remainder when 2732 is divided by 37?
31
Calculate the remainder when 1105 is divided by 158.
157
Calculate the remainder when 207 is divided by 71.
65
What is the remainder when 60722 is divided by 175?
172
What is the remainder when 448 is divided by 101?
44
Calculate the remainder when 111 is divided by 30.
21
What is the remainder when 885 is divided by 8?
5
What is the remainder when 562 is divided by 12?
10
What is the remainder when 198 is divided by 29?
24
What is the remainder when 127 is divided by 10?
7
Calculate the remainder when 832 is divided by 386.
60
Calculate the remainder when 469 is divided by 68.
61
What is the remainder when 231 is divided by 76?
3
Calculate the remainder when 519 is divided by 4.
3
Calculate the remainder when 36 is divided by 20.
16
Calculate the remainder when 62963 is divided by 318.
317
What is the remainder when 455 is divided by 36?
23
Calculate the remainder when 1546 is divided by 550.
446
What is the remainder when 1762 is divided by 30?
22
What is the remainder when 229 is divided by 88?
53
What is the remainder when 5728 is divided by 94?
88
Calculate the remainder when 249 is divided by 8.
1
Calculate the remainder when 1625 is divided by 20.
5
What is the remainder when 131 is divided by 41?
8
Calculate the remainder when 349 is divided by 113.
10
Calculate the remainder when 123 is divided by 65.
58
Calculate the remainder when 339 is divided by 114.
111
What is the remainder when 363 is divided by 132?
99
What is the remainder when 419 is divided by 62?
47
Calculate the remainder when 3072 is divided by 140.
132
What is the remainder when 489 is divided by 137?
78
What is the remainder when 228 is divided by 62?
42
Calculate the remainder when 72 is divided by 39.
33
What is the remainder when 53 is divided by 12?
5
Calculate the remainder when 365 is divided by 320.
45
What is the remainder when 104 is divided by 50?
4
What is the remainder when 1182 is divided by 87?
51
What is the remainder when 512 is divided by 19?
18
Calculate the remainder when 29794 is divided by 39.
37
Calculate the remainder when 21421 is divided by 208.
205
What is the remainder when 289 is divided by 37?
30
What is the remainder when 180 is divided by 146?
34
Calculate the remainder when 1035 is divided by 130.
125
What is the remainder when 92 is divided by 41?
10
What is the remainder when 819 is divided by 139?
124
Calculate the remainder when 529 is divided by 5.
4
What is the remainder when 115 is divided by 7?
3
Calculate the remainder when 5814 is divided by 21.
18
Calculate the remainder when 965 is divided by 94.
25
Calculate the remainder when 548 is divided by 110.
108
What is the remainder when 126 is divided by 26?
22
Calculate the remainder when 1511 is divided by 17.
15
What is the remainder when 361 is divided by 55?
31
Calculate the remainder when 346 is divided by 33.
16
What is the remainder when 86 is divided by 24?
14
What is the remainder when 74 is divided by 15?
14
Calculate the remainder when 439 is divided by 34.
31
What is the remainder when 559 is divided by 10?
9
Calculate the remainder when 218 is divided by 205.
13
What is the remainder when 115 is divided by 3?
1
Calculate the remainder when 5805 is divided by 3.
0
What is the remainder when 1444 is divided by 715?
14
What is the remainder when 6994 is divided by 241?
5
What is the remainder when 12269 is divided by 59?
56
Calculate the remainder when 162 is divided by 34.
26
What is the remainder when 43546 is divided by 191?
189
Calculate the remainder when 3138 is divided by 33.
3
Calculate the remainder when 925 is divided by 34.
7
What is the remainder when 22 is divided by 18?
4
What is the remainder when 4206 is divided by 600?
6
What is the remainder when 170 is divided by 21?
2
What is the remainder when 246 is divided by 97?
52
Calculate the remainder when 69 is divided by 18.
15
Calculate the remainder when 131 is divided by 45.
41
Calculate the remainder when 189 is divided by 59.
12
What is the remainder when 123 is divided by 42?
39
What is the remainder when 467 is divided by 13?
12
What is the remainder when 3357 is divided by 46?
45
What is the remainder when 492 is divided by 8?
4
What is the remainder when 283 is divided by 75?
58
Calculate the remainder when 101 is divided by 20.
1
What is the remainder when 2865 is divided by 10?
5
What is the remainder when 120 is divided by 39?
3
Calculate the remainder when 1506 is divided by 139.
116
What is the remainder when 47 is divided by 32?
15
What is the remainder when 79 is divided by 17?
11
What is the remainder when 293 is divided by 79?
56
What is the remainder when 2 is divided by 2?
0
What is the remainder when 182 is divided by 65?
52
What is the remainder when 76 is divided by 26?
24
What is the remainder when 1742 is divided by 21?
20
What is the remainder when 18 is divided by 11?
7
Calculate the remainder when 113 is divided by 45.
23
Calculate the remainder when 1088 is divided by 68.
0
Calculate the remainder when 914 is divided by 303.
5
Calculate the remainder when 23 is divided by 11.
1
What is the remainder when 253 is divided by 2